 w = 54*y - 155548. List the prime factors of y.
2, 4861
Suppose 112*m - 161130 = 176102. List the prime factors of m.
3011
Suppose -8*z + 21 = -11. List the prime factors of (-95)/((-4)/(16 + z)).
5, 19
Suppose -5*c + 4753 = 2*h, 3*h + 2*c - 6*c = 7187. What are the prime factors of h?
2389
Let x(a) = 99*a**2 + 3*a + 1. Let c be x(-3). Suppose 5*f = 4*n + 1115, 2*n + 17 = -4*f + c. Let q = -51 + f. What are the prime factors of q?
2, 3, 7
Let k(q) be the first derivative of 10*q**4 - 2*q**3/3 + 5*q**2 + 2*q - 52. What are the prime factors of k(2)?
2, 167
Let j(b) = b**2 - 3*b - 4. Let t = 44 - 41. Let f be t/(-15)*-12*20/6. What are the prime factors of j(f)?
2, 3
Let z = 972 - -6325. List the prime factors of z.
7297
Suppose -1506 = -7*l + 13*l. List the prime factors of -1 - 2 - l - 6.
2, 11
Let y be 3/((-3 - -6)*4/(-4496)). Let q = -118 - y. What are the prime factors of q?
2, 503
Let c = 78 + -49. Suppose 0 = c*y - 33*y + 1168. List the prime factors of y.
2, 73
Let r(p) be the first derivative of 2*p**3 + 5*p**2/2 + 7*p + 1. Let d = 289 - 295. List the prime factors of r(d).
193
Suppose -5*c = d - 6426, -62*d + 19198 = -59*d - c. List the prime factors of d.
37, 173
Let d(r) = 137*r**3 + 5. Let u(m) = 7535*m**3 + 274. Let c(f) = -274*d(f) + 5*u(f). Let t be c(1). Suppose 5*b - t - 163 = 0. What are the prime factors of b?
2, 3, 5
Let v = 25023 - -37818. What are the prime factors of v?
3, 20947
What are the prime factors of (2 - -3 - 1627)/(42/(-420))?
2, 5, 811
Suppose -8*d + 9*d = 5. Suppose 775 = 5*n + f, -d*n + 2*f + 11 = -749. What are the prime factors of n?
2, 7, 11
Let d be (-3)/((-12)/8) + 512. Suppose 3*a - 1410 = -5*q, 3*q + d = 3*a + 1360. What are the prime factors of q?
2, 3, 47
Suppose 0 = 3*r - 4*q - 65350, -65354 = -48*r + 45*r + 2*q. What are the prime factors of r?
2, 3, 3631
Suppose -4*k - 75 = -7*k. Let n be 1715/k + (-2)/(-5). Let m = 98 - n. What are the prime factors of m?
29
Suppose -8*t = -9*t + 8. Let l = t - 34. Let j = 40 - l. List the prime factors of j.
2, 3, 11
Let s be 1/(-2 - -1) - -31. Let z(i) = 16 - 57*i**2 - 4*i + s*i**2 + 28*i**2. List the prime factors of z(-5).
61
Suppose -j + 11 - 3 = 0. Suppose j*u - 2772 - 1204 = 0. What are the prime factors of u?
7, 71
Let g(z) = z**3 + 2 - 5 - 3*z**2 - 5*z + 3*z**2 - 2*z**2. What are the prime factors of g(6)?
3, 37
Let h(p) = 35*p**3 - 2*p**2 - 9*p + 5. Let t(m) = -m**3 - 34*m**2 + m + 37. Let z be t(-34). What are the prime factors of h(z)?
5, 181
Suppose -739 = 5*n - 2*p, -3*n - 730 = 2*n - 5*p. Let a = 104 - n. What are the prime factors of a?
11, 23
Suppose -29 = -7*p + 69. Suppose p*h + 21900 = 44*h. What are the prime factors of h?
2, 5, 73
What are the prime factors of (4 + -7 + 44/5)/(4/22460)?
29, 1123
Let y(m) = 22*m**3 + 8*m**2 + 68*m - 249. What are the prime factors of y(9)?
3, 5683
Let l = 11181 - 7902. What are the prime factors of l?
3, 1093
Suppose 98 = 5*u + 2*u. Suppose 0 = 8*l - u - 34. Let v(r) = 31*r - 58. List the prime factors of v(l).
2
Suppose -5610 = -2*b - 4*w + 4174, 24428 = 5*b + 2*w. What are the prime factors of b?
2, 3, 11, 37
Let n = -176 + 177. List the prime factors of (n/((-1)/12))/((-34)/204).
2, 3
Suppose -a = -5*y + 17, -4*y + 6 = a - 13. Let c(h) = 25*h**2 - 31*h - 7. What are the prime factors of c(y)?
269
Let m(o) = -2. Let f(l) = -l + 13. Let n(g) = f(g) + 3*m(g). List the prime factors of n(-22).
29
List the prime factors of 6926 - 22/((-154)/(-105)).
6911
Suppose 3*z - 40651 = -s, -162493 = -5*s + 3*z + 40816. List the prime factors of s.
2, 5, 19, 107
Suppose 46*z - 15912 = -32*z. Suppose g + 1 = -4*s - 2, 3*g - 7 = -4*s. Suppose -4*m - 4*x + z = -0*m, m = g*x + 51. What are the prime factors of m?
3, 17
Suppose -2*d + 198 = 2*h, 8*h = 12*h + d - 387. Let c = 203 + h. List the prime factors of c.
13, 23
Let q(x) = -x**3 + 77*x**2 - 120*x - 1219. List the prime factors of q(61).
3, 89, 191
Let v be -3*(-125)/(-5) + -5. List the prime factors of (-120)/v*(-260)/(-6).
5, 13
Let y(o) = -o**3 - 17*o**2 + 18*o. Let d be y(-18). Suppose -x = -d*x. Suppose x = -h + 3, -144 = -3*r + 4*h - 2*h. List the prime factors of r.
2, 5
Suppose 62*o - 111 = 59*o. Let g = o - -1348. List the prime factors of g.
5, 277
Suppose -5*h - 5*r = -9940, -13*h + 4*r = -11*h - 3970. What are the prime factors of h?
1987
Let m = -90 - -432. Suppose -348*r = -m*r - 3174. What are the prime factors of r?
23
Let r(p) = 3*p - 7. Suppose -14 - 4 = -6*x. Let o be r(x). Suppose o*w - 3*c = 67, -w = 2*c - 0*c - 23. What are the prime factors of w?
29
Let d(m) = 5*m**2 - 120*m - 53. Let u be d(25). Let t be (4/6)/((-1)/(-6)). Suppose -u - 164 = -t*f. List the prime factors of f.
59
Let l(i) = 5*i**2 + 9*i - 42. List the prime factors of l(-33).
2, 3, 23, 37
Suppose -7306 = 66*k - 676107 - 69145. What are the prime factors of k?
3, 3727
Suppose -10*c + 143858 + 95302 = 0. List the prime factors of c.
2, 3, 1993
Let a be (1 + -1)/(-4) + (-15)/(-3). What are the prime factors of (-21576)/(-40) + 9 + 3/a?
3, 61
Let r(b) be the second derivative of 7*b**5/10 + b**4/6 - 49*b**3/6 + 13*b**2/2 + 10*b + 11. What are the prime factors of r(5)?
2, 7
Let x(d) = 2032*d**3 - d**2 - 13*d + 12. What are the prime factors of x(1)?
2, 5, 7, 29
Let p be (-8)/6*19 + 1/3. Let u = p - -65. Suppose u*c - 43*c + 102 = 0. List the prime factors of c.
2, 17
Let r(f) = 3*f**2 - 28*f + 17. Let x(h) = -5*h**2 + 29*h - 18. Let b(s) = -4*r(s) - 3*x(s). Let j(g) = -g - 5. Let v be j(7). List the prime factors of b(v).
2, 59
Let n = -9043 + 15541. What are the prime factors of n?
2, 3, 19
Suppose -54917 = -15*p + 241963. What are the prime factors of p?
2, 1237
Let n(g) be the third derivative of g**5/60 - 11*g**4/24 - 3*g**3 - g**2. Let a be n(9). Let b = 103 + a. What are the prime factors of b?
67
Suppose -5*c - 7 = -17. Suppose -3*s = c*s. Suppose s*n + 528 = 6*n. What are the prime factors of n?
2, 11
Let n(c) be the first derivative of -337*c**2 - 6*c + 126. List the prime factors of n(-1).
2, 167
Suppose -18*s = -23*s + 960. Suppose -j = -17*j + s. Suppose j*q = q + 1419. List the prime factors of q.
3, 43
Let t(o) = 2*o + 12. Let b be t(-3). Suppose b*m + 29 = -7. Let v(a) = a**2 + 4*a + 21. What are the prime factors of v(m)?
3, 11
Suppose -18*d - 2*h = -19*d + 13873, 0 = -5*d - 2*h + 69365. What are the prime factors of d?
13873
Let s be (-1628)/(8 - (2 + 7)). Suppose 0 = 3*n - 2*l - s, 2*n - 2*l - 1067 = 3*l. List the prime factors of n.
2, 3, 7, 13
Let p be 1 + 62/((12/(-75))/(-2)). Let s = p + -764. List the prime factors of s.
2, 3
Suppose 0 = -k - 3*k + 112. Suppose -3*x = -4*b + 14 - 21, -4*b + x + 3 = 0. What are the prime factors of (b + (-30)/9)*(-63)/k?
3
Let f be (-1)/(-3) - ((-2)/3 - 4). Suppose 6*x = o + f*x - 11, 18 = 2*o - 3*x. Let q(i) = i + 16. What are the prime factors of q(o)?
31
Let u be (((-4)/(-6))/(8/(-108)))/(-1). Suppose u*j + 158 = -562. Let s = j - -85. List the prime factors of s.
5
Suppose -5*v + 0*o = -2*o - 11823, -3*o + 11853 = 5*v. List the prime factors of v.
3, 263
Let s(p) = -36*p - 103. Let v be s(-3). Suppose -v*a = -4*k - 4578, -4*a + 3*k + 1110 = -2552. List the prime factors of a.
2, 457
Let b = -192 - -206. Suppose 1754 = 3*f - 18*w + b*w, 2*w = -2*f + 1146. What are the prime factors of f?
2, 17
Suppose 0 = -8*f + 4*f. What are the prime factors of 4 + (f - (-130 + 3))?
131
Let s(v) = v**3 + 18*v**2 + 69*v - 21. Let z be s(-12). List the prime factors of (z/(-25))/((-10)/6100).
2, 3, 61
Let s(z) = z**3 - z**2 - 14*z + 4. Let p be s(4). What are the prime factors of (-2)/p + (-23199)/(-38)?
13, 47
Let g(b) = 6781*b + 4468. What are the prime factors of g(4)?
2, 11, 359
Let d(y) = -y. Let q(b) = 5*b**2 - 20*b + 5. Let m(n) = -4*d(n) + q(n). List the prime factors of m(-10).
5, 7, 19
Let r = -58 + 70. Suppose r*h - 1702 = 2030. List the prime factors of h.
311
Let m(r) = 2*r**3 - 34*r**2 - 14*r + 23. Suppose 19 - 1 = c. List the prime factors of m(c).
419
Let i(o) = -21*o - 71. Let x be i(9). List the prime factors of (1 - x)*(-3 + 14)/11.
3, 29
Let u = -2 - -4. Suppose 3*b = u*b + 2*x - 14, 0 = -2*b - 4*x + 12. What are the prime factors of 5700/135 - b/(-18)?
2, 3, 7
Suppose -7*u + 22922 + 153744 = 0. What are the prime fact